Suppose 0*t - 12 = -4*t. Suppose t*n - 526 - 200 = u, u - 242 = -n. Let a = n - 151. Is a a prime number?
False
Let i = 2976 + 1601. Is i a composite number?
True
Let o(q) = 3*q**3 - 2*q**2 - q - 1. Let h be o(2). Let t = -3 + h. Is t a prime number?
False
Let g(v) = v + 1. Let s be g(-1). Suppose p - 92 = q, s*p = p - 5*q - 72. Is p a prime number?
True
Suppose -5*v + 74 = -3*v. Is v prime?
True
Let n(t) = t**3 - 33*t**2 - 55*t - 38. Is n(35) composite?
False
Let p = 846 - 543. Is p a composite number?
True
Suppose r + 28 = 5*u, -u - 3*r = -2*u. Suppose 2*b + 4*d - 86 = 0, -d - d = -u. Is b a prime number?
True
Suppose 2*c + 4*q - 198 = 0, 5*c + 6*q - 507 = 2*q. Is c composite?
False
Let f(u) = u**3 + 3*u + 9 - 17 + 11 + 3*u**2. Is f(4) prime?
True
Is 4/((-80)/395)*-4 a composite number?
False
Is 4/2*446/4 a prime number?
True
Let n be 8/(-12)*(3 - 0). Let f be 18/4 - (-1)/n. Suppose -3*u + 3*p + 102 = 0, f*u - 2*p - 141 = -3*p. Is u prime?
False
Suppose 1 = 5*h - 9. Let g(y) = 12*y**3 - y**2 + y + 1. Is g(h) a prime number?
False
Let g be 8/12 + 169/3. Let d = 11 + -46. Let c = g + d. Is c a prime number?
False
Suppose 0 = 5*t - 36 - 4. Let w(d) = 18*d - 17. Is w(t) prime?
True
Suppose -g = -2*h + 7, -2*g - 18 = -5*h + g. Suppose -m = y - 79, -h*y + 201 = -m - 52. Is y a prime number?
True
Suppose 0 = b - 31 - 8. Is b a prime number?
False
Suppose -2*w = q - 26, -2*q - w = -0*q - 64. Let z be ((-1992)/(-36))/(4/6). Let v = z - q. Is v a prime number?
False
Suppose -3*b = -119 - 13. Let p be (2/(-5))/(4/(-20)). Suppose -2*u = 4*x - 46 + 2, -x = p*u - b. Is u prime?
False
Let j(b) = b**2 + 8*b + 6. Let v be j(-3). Is (v/(-27))/((-2)/(-6690)) composite?
True
Let d be 2/(-10) + 1/5. Suppose 6*r - r - 4*h - 43 = d, -6 = 3*h. Is r prime?
True
Let r = -17 + 20. Suppose -5*k + 0*w + 592 = -w, -4*k + r*w + 467 = 0. Is k a composite number?
True
Suppose 4*r = -t + 561, -5*t + 6*r + 2781 = 2*r. Is t a composite number?
False
Let x be (-3)/((-18)/(-10) - 2). Suppose -5*y = -5 - x. Is (-6)/y + 458/4 a composite number?
False
Let m be 2/((-3)/(1668/8)). Let t = m + 266. Is t composite?
False
Let n = 708 + -1396. Let r = 1655 + n. Is r a composite number?
False
Suppose 0*v - 2*v + 1336 = 4*y, -y + 340 = 2*v. Suppose -3*u - u = -y. Is u a prime number?
True
Let x(q) = q**3 + 6*q**2 + 3*q - 7. Let m be x(-5). Suppose m*y + 2*y = 125. Is y a composite number?
True
Let j = 4 - 1. Suppose j*u - 27 = 63. Let y = u - 15. Is y prime?
False
Let g = 2 + 1. Suppose g*w - 156 = 2*w. Is (1/(-2))/((-2)/w) prime?
False
Is -4*2/20 + (-146988)/(-20) a composite number?
False
Let a = 21 - 21. Suppose a = 6*u - 388 + 16. Is u a composite number?
True
Suppose 4*c = 3*a - 6*a + 592, -2*c - 2*a = -298. Is c prime?
False
Let s = 8 + 0. Suppose 220 = 2*q - 4*d, d + s = -d. Let g = q + -71. Is g a prime number?
True
Let c = -3 - -13. Is c composite?
True
Suppose 5*w - 115 = 5*j, 4*j = 2*w - j - 40. Is w prime?
False
Suppose 272 = 8*z - 4*z - c, -2*z + 114 = 5*c. Is z a composite number?
False
Suppose 5*w + 35 - 80 = 0. Let f(y) = -y + 10. Let z be f(7). Is 383/z - 6/w composite?
False
Let l be 3 - 6 - -2 - 1. Let t(m) = -35*m - 3. Is t(l) a composite number?
False
Let o(s) = 2*s**2 - 8*s + 5. Suppose -5*t = 2*q - 13 - 22, -5*q + 35 = 2*t. Is o(q) prime?
False
Let d(n) = 6*n**2 - 9*n + 1. Is d(-10) a prime number?
True
Is (13/(-26))/((6/3404)/(-3)) a composite number?
True
Let n = -4 + 0. Is -1348*(2 + 9/n) a prime number?
True
Suppose 2*q - 381 = -q. Is q prime?
True
Let t = -1 + 3. Suppose -4*v = w - 24, -v + 2*v = w + 1. Suppose 7*h - 15 = w*h, -t*s + 5*h = -99. Is s composite?
True
Suppose -1 - 5 = -3*t. Let f(j) = -11*j**2 + 2*j + 2. Let d be f(-1). Let q = t - d. Is q composite?
False
Let t be 13 + -10 - 1621*-1. Let u = t + -947. Is u prime?
True
Is ((-904)/(-20))/((-4)/(-10)) a composite number?
False
Let t = 7 - -21. Is (343/t)/(1/4) composite?
True
Let n(m) = m**3 - 13*m**2 - 3*m + 13. Is n(14) a composite number?
False
Is 1/((-13040)/4348 + 3) composite?
False
Let p = -146 + 205. Is p composite?
False
Let j(d) = 12*d**2 + 2*d. Is j(-1) prime?
False
Suppose 0 = -5*k + 26 - 1. Suppose -14 = -3*n - k. Is n a composite number?
False
Let x = 39 - 47. Let k = -2 - -1. Let n = k - x. Is n prime?
True
Suppose 0 = -3*d - 5*w - 11 - 3, w = -2*d - 7. Let a = 2 - d. Suppose -5*r + 3*o + 360 + 104 = 0, -3*r = -a*o - 288. Is r composite?
True
Let l(m) = -m**2. Let i(h) = 32*h**3 - 8*h**2 - 4*h - 3. Let c(a) = -i(a) + 5*l(a). Is c(-2) a prime number?
True
Let o be -2 - (2 - (-12 - -1)). Let p be 9/o - 26/(-10). Suppose 57 = x - p*l, 0 = 4*x + 3*l + l - 276. Is x composite?
True
Let k be (-123)/(-3) + -4 + 8. Let w = k - -8. Is w prime?
True
Let t(b) = -b**3 + 3*b**2 + 2*b + 2. Let z be t(4). Let h(w) be the third derivative of -w**4/8 - 4*w**3/3 - 2*w**2. Is h(z) composite?
True
Let d = -3 - 2. Let h(n) = 2*n**2 + n + 6. Is h(d) a prime number?
False
Let t(s) = 4*s**2 + 1. Suppose 10 = 3*z - 5. Suppose 0 = 4*k + 12, z*k + 30 = a + 4*a. Is t(a) a composite number?
False
Let b = 427 + 52. Is b a composite number?
False
Suppose -5*a + 55 = 610. Is a/(-12)*-1*-4 prime?
True
Suppose -7*v + 21904 = -25927. Is v a composite number?
False
Suppose -2*p + 54 + 114 = 0. Suppose 0 = 3*w - p - 57. Is w a composite number?
False
Let z(u) = -19*u**3 + 4*u**2 + 3*u + 1. Let m be (5 - 8) + 0 + 1. Is z(m) a prime number?
True
Let l(w) = -26*w + 15. Is l(-14) prime?
True
Suppose -5*n + 2593 = 2*w, 0*w - 4*w = -3*n - 5121. Suppose 3*u - 585 = -c + 378, -4*u - 5*c + w = 0. Is u prime?
False
Suppose 2*w - 3*w + 570 = 0. Suppose n - w = -61. Is n prime?
True
Suppose 0 = -3*q + 197 - 32. Let a = 120 - q. Is a prime?
False
Let u(f) be the third derivative of f**4/24 + 2*f**3/3 - f**2. Suppose 2*p + 5*t + 3 = -22, t = p - 5. Is u(p) a prime number?
False
Let v(d) = -188*d - 49. Is v(-7) a composite number?
True
Is 4 - (3 - (3 - 2)) - -1637 prime?
False
Let l = 1978 - 1349. Let f = -234 + l. Is f prime?
False
Let h = -2 + 6. Suppose 1 = -h*i - 3. Let j = 1 - i. Is j a prime number?
True
Suppose 0 = -7*j + 2*j + 325. Suppose 4*d + j = g, -3*g = 4*d - d - 240. Is g prime?
False
Let s(z) = 13*z + 1. Suppose 0 = u + u + x - 5, -4*x = 3*u - 15. Is s(u) a prime number?
False
Suppose 6*w - w - 165 = 0. Let a = -4 - -9. Suppose -2*q - a = -2*p + w, 27 = 3*p + 3*q. Is p prime?
False
Is (-1 - -103)*1/2 composite?
True
Suppose 3*p = -3*t + t + 3, 0 = -3*p - 3*t. Suppose 61 - 172 = -p*k. Let f = k + -11. Is f a composite number?
True
Let a(w) = 6*w - 9. Let k be a(-5). Is 4 - (3 + k + 3) a composite number?
False
Let r = 2934 - 1495. Is r a composite number?
False
Suppose -9*l - 66 + 1353 = 0. Is l composite?
True
Let k be (-2)/4 - 145/2. Let r = k + 126. Is r a composite number?
False
Let b(k) = k**2 - 10*k + 37. Let s be b(11). Let j = -67 + 110. Let t = j + s. Is t a prime number?
False
Let b(u) = 5*u. Let f be b(1). Suppose 5*d = -f*i + 65, 4*d - 4 = 8. Is i composite?
True
Is 974/(3 - 1/1) prime?
True
Let o = -11 + 15. Suppose -6 = o*n + 3*a - 33, -5*a = -3*n - 16. Suppose -3*m = 2*m + 5*c - 125, -4*m + 96 = n*c. Is m prime?
False
Suppose -4*v - 5*n = -2207, 0 = -v + n + 2*n + 556. Is v a prime number?
False
Suppose 457 = 4*o + 3*p, -3 = 2*p + p. Is o composite?
True
Let r(y) = 6*y**2 + y - 6. Let v = 10 - 5. Is r(v) prime?
True
Let d(a) = 44*a**2 + 5*a - 19. Is d(-6) a composite number?
True
Let s(u) = -u**2 + 4. Let y be s(0). Suppose -4*d + 879 + 717 = y*f, 5*d = 5*f - 2035. Is f a prime number?
False
Let v(b) = b**2 + 4*b - 3. Let s be v(-5). Suppose z + s = 4. Is 57*(1 - 0/z) a prime number?
False
Let z = -58 + 90. Suppose -5*n + 0*n = -3*m - 101, 0 = 2*n - 4*m - z. Is n a composite number?
True
Let c be -404*(28/(-8) - -3). Let y = c + -75. Is y composite?
False
Let c(i) = -9*i - 14. Let v be c(-12). Suppose 7*n - v = 6*n. Is n composite?
True
Let w(d) = 137*d**2 + 2. Is w(1) a composite number?
False
Let q = 0 + 0. Suppose 0 = -q*f + f. Is 0 - (f - 1 - 48) a prime number?
False
Let g = 2 + -7. Let m = g + 3. Is 2/m*1*-21 prime?
False
Let l = -2770 + 7191. Is l a composite number?
False
Suppose -111 + 1066 = 5*c. Is c prime?
True
Let b(t) = t**2 - 3*t - 6 + 9*t**2 + 3. Is b(-4) composite?
True
Suppose -13*k 